Give h(-5).
-22
Let y(m) = 0*m - 4*m - m**2 - 1 - 3. Let k(z) = -z**3 + 42*z**2 - 39*z - 85. Suppose 2*i - 4*f - 90 = 0, f - 62 + 23 = -i. Let p be k(i). Determine y(p).
-1
Suppose -2*f + 4*n - 5 = -91, 0 = f + 2*n - 27. Suppose -f = 5*a - 12*a. Let o(q) = q - 6. Let s(h) = -h. Let z(j) = o(j) - 4*s(j). Calculate z(a).
19
Let l = -19104 + 19088. Let k(c) = 4*c + 33. Give k(l).
-31
Let v be 90/(-24) + 4 - (162/(-24) - -5). Let l(u) be the first derivative of 1/3*u**3 - 13 + v*u**2 - 8*u. What is l(-6)?
4
Let o(z) = -z - 1. Let i(d) = -5*d + 19. Let a be (-270)/(-35) + 4/14. Suppose -a*r + 7*r + 5 = 0. Let s be i(r). Give o(s).
5
Let n(d) = -35 - 534*d + 1066*d - 528*d. What is n(13)?
17
Let r(i) = -3*i**2 - 41*i - 61. Let l(u) = u**3 - 5*u**2 - 3*u + 16. Let d be l(4). What is r(d)?
-1
Let d(i) = -i**3 + i**2 + i. Let y(z) = 4*z**3 - 5*z - 3. Let u(f) = 3*d(f) + y(f). Let r(k) = -4 - 7*k + 19*k + 9*k - k**2. Let t be r(21). Determine u(t).
-11
Let i(m) be the second derivative of m**4/6 + m**3 + m**2/2 - 769*m + 20. Let x be (1 - -4)*-1 + 1. Determine i(x).
9
Let r(q) = 2*q + 29. Suppose 792 = 16*m + 6*m. Suppose -m = 2*n + 4*v, -v + 12 = 2*n - 3*n. Give r(n).
1
Let h(j) be the first derivative of j**4/12 - j**3 + 3*j**2/2 - 27*j - 5. Let p(d) be the first derivative of h(d). Calculate p(2).
-5
Let l(u) be the second derivative of -u**6/90 - u**4/24 - 67*u**3/6 + 5*u + 10. Let a(z) be the second derivative of l(z). Give a(-1).
-5
Let x = 6911 - 6922. Let u(w) = w**2 + 15*w + 37. Determine u(x).
-7
Let g(z) = -95*z**2 - 73*z**2 + 1 + 167*z**2 + z. Let a(y) = -y**3 + 23*y**2 + 13*y - 28. Let f(x) = a(x) + 6*g(x). Calculate f(18).
-4
Let a be (-32)/5*(36/(-8) - -2). Let l(q) = -q**3 - 14 + 0*q**2 - 2*q**2 + a*q + 0*q**2 + 16. Let i be l(-5). Let z(d) = d**3 + 2*d**2 - d + 3. Give z(i).
-3
Let c = -10633 - -10641. Let l(k) = -18*k + 10 + 10*k**2 - 18*k**3 + 6*k**3 + 11*k**3. Determine l(c).
-6
Let m(f) = f**2 - 9*f - 8. Suppose 0 = -7*j + 13*j - 6. Suppose -3*h = 4*k + 15, 4 = -h - j. Suppose k = -z - 1 + 11. Give m(z).
2
Suppose -4*a + 6 = 14. Let b be 0*(-1 - 1/a). Let f(i) = 104 - i - 20 - 15 - 65. Give f(b).
4
Let o = 38 + 54. Let t(m) = 74 + 2*m - 152 + o. Give t(-6).
2
Let l(t) = -14*t. Let a(q) = -4*q. Let n(p) = 20*a(p) - 6*l(p). Suppose 3*m = 3*j - 6, -3*m - m + 1 = -j. Calculate n(m).
4
Let b be 12/8*(-4)/6. Let s(r) be the second derivative of 17*r**3/6 - r**2/2 + 3*r + 135. Determine s(b).
-18
Let p(w) = 210*w + 78. Let b(f) = -14*f + 2. Let s(o) = 16*b(o) + p(o). Calculate s(9).
-16
Let f(o) = -o**3 - 18*o**2 + 35*o - 86. Let y(g) = -g**3 + 8*g**2 + 55*g - 370. Let z be y(10). Determine f(z).
14
Let v(x) = -5*x**2 - 2*x**3 + x**2 - 2*x**3 + 2*x**3 - 7*x - 6 + x**3. What is v(-2)?
0
Let z(n) = -9 - 11*n**2 - 16*n**2 - 4*n + 33*n**2 - n**3 + 0*n - n**3. What is z(4)?
-57
Let b(z) be the first derivative of -z**4/4 - 2*z**3 + z**2/2 + 2*z + 1533. Give b(-5).
-28
Let o = 917 + -909. Let j be ((-4)/o)/(4 - (-315)/(-80)). Let v(y) = -y**2 - 12*y - 10. What is v(j)?
22
Suppose -142*a = -134*a - 264. Suppose 25*c - a = -8. Let t(z) = -23*z**3 - z + 1. Calculate t(c).
-23
Suppose -5*p = -10*p + 15. Let x(d) = -10*d + 3 + p*d - 3. Let r = 57 + -55. What is x(r)?
-14
Let b(x) = -x**2 + 7*x + 10. Let r be (-10 - (-528)/24) + (-5 - 2). Determine b(r).
20
Let x = 48 + -60. Let j be (1 + x/(-3))*1. Suppose p = j*u - 18, 3*p + 2*u + 9 = -2*p. Let c(d) = d**3 + 5*d**2 + 4*d + 3. What is c(p)?
9
Let f be ((-46)/6)/(3 + (-196)/63). Suppose -f*j + 66*j = -33. Let m be (5 - j)*1*3/(-9). Let w(a) = -2*a**2 + a + 2. Give w(m).
-4
Let x(j) be the first derivative of 2*j - 1/3*j**3 + 0*j**2 + 41. What is x(0)?
2
Let v(c) = -2*c - 11. Let j(q) = q**2 + 17*q + 71. Let a(z) = -j(z) - 6*v(z). Give a(-6).
-11
Let r be 86 + -76 + 5/(-1). Let i(q) = -q**2 - 8 + 13 - 4 + r + 8*q. Determine i(9).
-3
Suppose 9*g - 1152 = -117. Let i = g + -115. Suppose -4*f + 107 - 87 = i. Let x(n) = -n**2 + 7*n - 6. Determine x(f).
4
Let w(b) be the second derivative of -4/3*b**3 + 0 - 2*b**2 + 7/24*b**4 + 1/120*b**6 - 7/60*b**5 + 18*b. Let p(y) be the first derivative of w(y). Give p(6).
-2
Let g = 923 - 936. Let x(q) = q**2 + 16*q + 18. Give x(g).
-21
Let x(m) = -11*m**3 - 13*m**2 + 22*m - 43. Let s(u) = -3*u**3 - 4*u**2 + 5*u - 13. Let v(r) = 7*s(r) - 2*x(r). Give v(-3).
-23
Let t = 1 - 6. Let z be (t + 4)/(2/8). Let l(w) = -w**3 - 3*w**2 + 6*w - 5. Let v(m) = m**3 + 3*m**2 - 5*m + 5. Let x(r) = 5*l(r) + 6*v(r). What is x(z)?
-11
Let v(z) = z**3 + 6*z**2 - z + 1. Suppose -2*c = -n - 33, 4*c + 3*n = -c + 99. Suppose -w + c = 2*w. Suppose -d = -0*d + w. Determine v(d).
7
Let w(k) be the first derivative of -1 - 2*k - 1/4*k**4 - 2*k**2 - 4/3*k**3. Let o be (7/12)/((-427)/(-122))*-18. Determine w(o).
1
Let w be ((-36)/(-45))/(2/5). Suppose -2*o - 26 = -3*q + w*o, -4*q + 13 = -o. Let k(r) = -4*r**2 - r**2 + 1 + 3*r**q. Give k(1).
-1
Let p(v) be the second derivative of -v**5/20 - 5*v**4/12 + 7*v**3/6 + 7*v**2/2 - 22*v. Let l be (5/3)/(750/(-2700)). Calculate p(l).
1
Let s be -5*((-32)/10)/2. Let n(g) be the third derivative of -g**5/30 + 11*g**4/24 + g**3/2 + 74*g**2. Determine n(s).
-37
Let r(i) be the third derivative of i**6/60 - i**5/20 - i**3/2 + i**2. Suppose 0 = -175*v + 194*v - 57. What is r(v)?
24
Let y = -65 + 105. Let u = 40 - y. Let w(l) = -l - 58*l**2 - 53*l**2 + 167*l**2 - 55*l**2 - 3. What is w(u)?
-3
Let h = 457 - 455. Suppose 3*u = 4*p + 38, -5*p + h*u - 39 - 12 = 0. Let r(c) = -c**3 - 11*c**2 - 3*c + 7. Calculate r(p).
40
Let h = 41627/16650 - 1/8325. Let v(m) be the second derivative of 0*m**2 - 27*m - h*m**3 + 0. Give v(1).
-15
Let v = -5581 + 5579. Let t(i) = 12*i**2 + i - 2. Calculate t(v).
44
Let o(r) be the first derivative of r**4/4 - 7*r**3/3 + 7*r**2/2 - 5*r + 1. Let c = 64 + -1288. Let n = -1218 - c. Determine o(n).
1
Let i be 240/(-50)*(-180)/48. Let c(j) = -j**2 + 21*j - 58. Determine c(i).
-4
Let c be (110 - -3 - -3) + 4. Suppose 0*z + c = 15*z. Let m(o) = -11*o + 20. Let r(q) = 5*q - 10. Let s(g) = -4*m(g) - 9*r(g). Give s(z).
2
Let t(q) be the third derivative of -q**6/120 - 2*q**5/15 - q**4/4 + 10374*q**2. What is t(-7)?
-7
Let b(u) = -7*u**2 - 5*u - 1. Let k(h) = 4*h**2 + 3*h. Suppose -53*i = -56*i - 9. Let t(f) = i*b(f) - 5*k(f). What is t(-3)?
12
Let t be (-34)/6 - ((-69)/9 - -7). Let a(c) = c**3 - 5*c**2 - c - 1. Let z(h) = 2*h**3 - 5*h**2 - 2*h - 1. Let i(k) = 3*a(k) - 2*z(k). Determine i(t).
-6
Let m(f) be the second derivative of f**5/10 + f**4 + 13*f**3/3 + 7*f**2/2 + 4439*f. Calculate m(-3).
-17
Let m(p) = -p**2 + 3*p + 5. Suppose -18 = 4*b + 33*y - 36*y, 12 = -3*b + 2*y. What is m(b)?
5
Let f(i) = 24451 + 2*i - 24445 + 3*i + 5*i**2 - 4*i**2. Give f(-2).
0
Let i(l) = -l**3 + 4*l**2 - 5*l + 3. Let o(u) be the third derivative of u**5/30 - 5*u**4/12 - 3*u**3/2 - 26*u**2 + 2*u. Let z be o(6). What is i(z)?
-3
Let r(w) = 5*w + 2. Suppose 0 = -45*h - 678 - 942. Let z be h/162 + 22/36*2. Give r(z).
7
Let j(h) be the first derivative of h**3/3 - 11*h**2/2 - 27*h + 559. Determine j(13).
-1
Let z(l) = l**3 + l**2 - 2*l - 2. Let y be (-35)/(-5) - ((-1 - 1) + 2). Suppose 0 = -8*i + y*i + 3*f - 4, 0 = 4*f. What is z(i)?
-42
Let a be (-291)/(-33) + 4/22. Suppose -a + 13 = x. Let b be 3 - x/(-4) - 0. Let k(n) = n**2 - n - 1. Calculate k(b).
11
Let p(q) = -q**2 + 2*q. Suppose 20 = 2*w + 2*w - 4*s, w - 5 = 5*s. Suppose 4*u = 4*g - 28, 0*g - 2*g + 23 = -5*u. Let i = u + w. Give p(i).
0
Let i(n) be the second derivative of n**6/45 - n**5/40 - 37*n**4/6 + 21*n. Let o(q) be the third derivative of i(q). Calculate o(2).
29
Let z(o) = 215*o + 6*o**2 - o**3 + 193*o - o**3 - 413*o + 12. What is z(4)?
-40
Let n(p) = 1506*p - 16571. Let m be n(11). Let y(o) = -o**3 - 3*o**2 - 9*o + 9. What is y(m)?
104
Let g be (45 - -1)/((-14)/21). Let m = 56 + g. Let t = -12 - m. Let w(a) = -5*a**2 + 2*a - 1. Determine w(t).
-4
Let j(q) be the third derivative of -11*q**5/60 - q**4/8 + q**3/3 + 16*q**2. Suppose 0 = 6*o - 41*o + 15*o + 40. Give j(o).
-48
Let g(w) be the third derivative of w**5/30 - w**4/24 - w**3/6 + 5071*w**2. Calculate g(-6).
77
Let b = 16 - 12. Let u(d) = -6103*d - 6086*d - 3*d**2 - 17 + d**2 + d**2 + 12199*d. Determine u(b).
7
Let h(o) be the third derivative 